
Does 49 divide 104886705?
True
Does 995 divide 65420255?
True
Does 188 divide 81563600?
False
Is 243237176 a multiple of 1652?
True
Does 23 divide 108911348?
True
Does 21 divide 556165659?
True
Does 212 divide 543388436?
True
Is 1040018886 a multiple of 2500?
False
Is 1109 a factor of 92821155?
False
Is 74 a factor of 16607123?
False
Does 68 divide 305074112?
True
Does 154 divide 1309117348?
True
Does 546 divide 356515068?
True
Is 17 a factor of 434025793?
True
Is 26 a factor of 80853411?
False
Does 12 divide 29797188?
True
Is 924 a factor of 8340024?
True
Does 11 divide 20973317?
False
Does 130 divide 16345401?
False
Is 27 a factor of 251430291?
True
Is 15289861 a multiple of 6?
False
Is 38055540 a multiple of 4?
True
Is 94895080 a multiple of 3178?
True
Is 113088139 a multiple of 27?
False
Does 127 divide 18326438?
False
Is 87974421 a multiple of 25?
False
Does 13 divide 23055318?
True
Is 92 a factor of 973800680?
True
Does 22 divide 175571770?
True
Is 137523376 a multiple of 37?
True
Does 7 divide 2243626?
True
Is 728420943 a multiple of 18?
False
Does 1392 divide 348416208?
True
Is 91 a factor of 9313031?
True
Is 48 a factor of 309356112?
True
Is 3033141046 a multiple of 128?
False
Is 277620200 a multiple of 68?
True
Is 278 a factor of 1101234761?
False
Is 13552582 even?
True
Is 9 a factor of 792882432?
True
Does 52 divide 2254893063?
False
Is 16914204 a multiple of 787?
True
Is 27 a factor of 16847271?
True
Is 20843026 a multiple of 534?
False
Does 31 divide 294256657?
False
Does 45 divide 16046640?
True
Does 846 divide 389181650?
False
Does 5027 divide 576315388?
True
Is 7041 a factor of 455278101?
True
Is 203 a factor of 33025055?
True
Is 1908 a factor of 92847096?
True
Is 12 a factor of 289093572?
True
Does 21 divide 97019293?
False
Is 8 a factor of 122289083?
False
Does 1816 divide 83123768?
True
Does 7038 divide 2515061651?
False
Does 7275 divide 2844525?
True
Is 2830433905 a multiple of 3029?
True
Is 353 a factor of 1076008952?
True
Is 331354116 a multiple of 16?
False
Is 143603901 a multiple of 1401?
True
Is 312 a factor of 54764112?
True
Is 41 a factor of 49373061?
True
Is 1591 a factor of 273627794?
False
Is 26 a factor of 14112280?
True
Does 23 divide 21098707?
False
Is 1046 a factor of 4209987870?
True
Is 4 a factor of 174000615?
False
Does 736 divide 691647904?
True
Is 1285 a factor of 52812215?
True
Is 6 a factor of 4357185?
False
Is 82 a factor of 124077316?
True
Is 10 a factor of 194572423?
False
Is 31 a factor of 227540595?
False
Is 511 a factor of 57482390?
True
Is 31 a factor of 23083040?
False
Is 162974941 a multiple of 66?
False
Is 216 a factor of 210509316?
False
Is 23 a factor of 69117315?
False
Is 219439426 a multiple of 119?
False
Is 27730954 a multiple of 10?
False
Does 4 divide 4546279?
False
Is 6 a factor of 9469055?
False
Is 33485808 a multiple of 9?
False
Does 564 divide 11709768?
True
Is 3672224372 a multiple of 89?
True
Is 82 a factor of 206740688?
False
Is 41 a factor of 64920729?
False
Is 49383940 a multiple of 502?
False
Does 1208 divide 1736316384?
True
Does 1535 divide 502548255?
True
Is 23 a factor of 140789079?
False
Is 624265115 a multiple of 5?
True
Is 413137654 a multiple of 1400?
False
Does 1510 divide 1330270235?
False
Does 150 divide 5382450?
True
Is 50 a factor of 51184450?
True
Is 285 a factor of 63387990?
True
Does 2827 divide 58640461?
True
Does 1612 divide 196372965?
False
Does 1169 divide 328776612?
False
Is 91821267 a multiple of 65?
False
Does 397 divide 4480145?
True
Does 451 divide 112050453?
False
Does 333 divide 838689138?
True
Is 2654 a factor of 3548066250?
True
Is 143 a factor of 241964251?
False
Is 559 a factor of 107606941?
True
Is 50881376 a multiple of 1616?
True
Does 1120 divide 4630597440?
True
Is 34024056 a multiple of 8?
True
Is 53 a factor of 168347133?
True
Does 7934 divide 1828566374?
False
Is 545105416 a multiple of 7?
False
Does 628 divide 103586890?
False
Is 16542228 a multiple of 7?
False
Does 72 divide 358867152?
True
Does 30 divide 174721?
False
Is 3 a factor of 2400340?
False
Does 16 divide 57992584?
False
Is 341681088 a multiple of 112?
True
Is 20734548 a multiple of 1293?
True
Does 50 divide 104907083?
False
Does 570 divide 7121035080?
True
Is 269003596 a multiple of 85?
False
Is 234 a factor of 556732566?
True
Is 446 a factor of 31373870?
True
Is 1534 a factor of 15538451?
False
Is 3131 a factor of 100360139?
False
Is 2513 a factor of 317581250?
False
Does 49 divide 1892264949?
False
Is 1439292455 a multiple of 52?
False
Is 13 a factor of 116439482?
False
Is 339 a factor of 42328299?
False
Is 1772587 a multiple of 7?
False
Is 8 a factor of 1181385?
False
Is 3067 a factor of 680291812?
False
Is 421 a factor of 206178014?
True
Is 2156 a factor of 17153136?
True
Is 84 a factor of 11146716?
True
Is 59 a factor of 692431649?
False
Is 5520 a factor of 1305443785?
False
Is 317 a factor of 6400230?
True
Is 217 a factor of 94049102?
True
Is 898500992 a multiple of 1192?
True
Does 2175 divide 28962300?
True
Does 10 divide 178078716?
False
Is 32415480 a multiple of 120?
True
Is 19202193 a multiple of 566?
False
Is 101917993 a multiple of 613?
True
Is 2597519357 a multiple of 35?
False
Is 3379 a factor of 76363748?
False
Does 13 divide 14551253?
False
Is 130 a factor of 812065029?
False
Does 4 divide 43117808?
True
Is 18072882 a multiple of 27?
True
Does 210 divide 41088390?
True
Is 247933673 a multiple of 236?
False
Is 49659823 a multiple of 157?
False
Is 61 a factor of 463444633?
True
Is 6571 a factor of 313012753?
False
Is 8 a factor of 1252934704?
True
Does 31 divide 167143464?
False
Is 11 a factor of 70193145?
True
Is 409443033 a multiple of 13?
False
Does 774 divide 136864176?
False
Is 32 a factor of 1384193?
False
Is 212888276 a multiple of 23?
True
Is 372 a factor of 58482864?
True
Is 104025266 a multiple of 131?
True
Is 127 a factor of 95274704?
False
Is 194574602 a multiple of 489?
False
Does 28 divide 23164232?
True
Does 385 divide 11951940?
True
Does 2350 divide 18090300?
True
Is 12454043 a multiple of 76?
False
Is 144 a factor of 77870736?
True
Is 648805227 a multiple of 49?
True
Is 2578 a factor of 222705686?
True
Does 1641 divide 2770500?
False
Does 7099 divide 388190360?
False
Is 111 a factor of 1014942042?
True
Does 437 divide 748783404?
False
Does 29 divide 50842459?
False
Is 2770188 a multiple of 31?
False
Is 86432625 a multiple of 22?
False
Is 3024795 a multiple of 4?
False
Is 1154334488 a multiple of 4876?
True
Is 15 a factor of 83569460?
False
Is 40430936 a multiple of 728?
True
Is 339488181 a multiple of 551?
True
Is 494 a factor of 218638414?
False
Is 2278080985 a multiple of 833?
False
Does 2089 divide 70125739?
False
Is 685 a factor of 4047665?
True
Is 74 a factor of 16083447?
False
Does 5175 divide 234936314?
False
Is 92 a factor of 1590756177?
False
Does 185 divide 113494540?
True
Is 845336 a multiple of 4?
True
Is 142 a factor of 550386178?
True
Does 340 divide 31687216?
False
Does 446 divide 521908308?
True
Is 40 a factor of 25373115?
False
Is 4417 a factor of 306678275?
False
Is 16 a factor of 1686762256?
True
Is 3878 a factor of 30011842?
True
Does 23 divide 3271546680?
True
Is 75377385 a multiple of 1215?
True
Is 23 a factor of 104466184?
True
Does 8 divide 2871683?
False
Does 6 divide 1175708722?
False
Is 3254 a factor of 8369837?
False
Does 47 divide 99517097?
False
Is 912809439 a multiple of 4660?
False
Does 4772 divide 1239655869?
False
Does 1693 divide 1038989307?
False
Is 5770210 a multiple of 5?
True
Is 205770889 a multiple of 2493?
False
Is 488 a factor of 11385668?
False
Is 35 a factor of 79976295?
True
Is 3865662376 a multiple of 30?
False
Is 40274870 a multiple of 37?
True
Is 32895486 a multiple of 2313?
True
Is 9432 a factor of 3165897960?
True
Is 4 a factor of 163679560?
True
Is 1011 a factor of 15636999?
False
Is 142 a factor of 155759818?
False
Is 52086810 a multiple of 47?
True
Is 1285089394 a multiple of 17?
False
Is 2408 a factor of 597559648?
True
Is 38313952 a multiple of 46?
True
Does 68 divide 3411126?
False
Is 18 a factor of 860778?
True
Is 25455933 a multiple of 79?
True
Does 404 divide 2894936106?
False
Does 779 divide 28768470?
True
Is 209758521 a multiple of 21?
True
Is 76 a factor of 43139044?
True
Is 1172